 = 13*m**2 + m + 1. Determine d(-1).
13
Let k(n) = -4*n**2 + 61*n - 22. Give k(15).
-7
Let i(w) = 2*w - 2. Give i(-8).
-18
Let t(c) = 24*c + 11. Determine t(-2).
-37
Let o(z) = -35*z + 66. Calculate o(2).
-4
Let u(s) = 2*s + 4. Calculate u(3).
10
Let x(q) = 107*q + 319. Determine x(-3).
-2
Let q(b) = b**3 + b**2 + 4*b + 4. Calculate q(0).
4
Let u(l) = -l**2 + 21*l + 14. What is u(22)?
-8
Let q(w) = 5*w + 59. Calculate q(-13).
-6
Let f(d) = -2*d**3 + 16*d**2 + d + 1. Give f(8).
9
Let t(q) = -2*q**2 - 15*q + 14. Determine t(-12).
-94
Let z(y) = 2*y**2 - 24*y - 18. What is z(13)?
8
Let i(p) = 12*p + 58. What is i(-11)?
-74
Let t(l) = 15*l - 106. What is t(7)?
-1
Let d(i) = -10*i + 17. What is d(-2)?
37
Let x(p) = -p. Calculate x(6).
-6
Let l(f) = -2*f - 37. Determine l(-20).
3
Let u(h) = -h**3 - 9*h**2 - 3*h + 11. Determine u(-9).
38
Let u(x) = x**2 + 8*x + 7. Give u(-5).
-8
Let d(t) = t**2 + 14*t + 45. What is d(-5)?
0
Let k(t) = t**3 - 6*t**2 - 3*t - 14. Determine k(7).
14
Let h(a) = -a**2 + 19*a + 18. Give h(19).
18
Let b(f) = -f**3 - 10*f**2 + 2*f + 10. Give b(-10).
-10
Let p(i) = i**3 - 2*i**2 - 5*i - 5. What is p(5)?
45
Let u(y) = 5*y**3 + y**2 - y + 1. Give u(1).
6
Let a(y) = -3*y + 29. Determine a(-2).
35
Let x(g) = -g**2 - 8*g - 7. Give x(-8).
-7
Let n(h) = 43*h + 243. Give n(-5).
28
Let y(s) = -s**2 + s - 17. Calculate y(0).
-17
Let w(b) = b**3 + 3*b**2 - 7*b - 8. Determine w(-5).
-23
Let q(o) = o**3 + 4*o**2 - 2*o - 9. Give q(-3).
6
Let s(m) = m**2 - 9*m - 19. Give s(11).
3
Let m(q) = 4*q**2 + 109*q - 208. What is m(-29)?
-5
Let x(y) = 2*y**2 - y. Determine x(2).
6
Let v(l) = -50*l**2 + 5*l - 4. Determine v(1).
-49
Let x(k) = -22*k. What is x(-6)?
132
Let b(i) = -112*i**2 - 2*i - 1. Determine b(-1).
-111
Let m(x) = x**3 - 9*x**2 - 6*x - 31. Determine m(10).
9
Let u(m) = m**3 + 28*m**2 + 29*m + 59. Determine u(-27).
5
Let i(b) = -8*b**3 + b**2 + 3*b - 3. Calculate i(-2).
59
Let b(f) = f**2 + 8*f. Determine b(-8).
0
Let y(h) = 12*h + 5. What is y(-1)?
-7
Let y(z) = -z**3 - 13*z**2 - 13*z - 19. Give y(-12).
-7
Let y(z) = z**2 - 2. Give y(-4).
14
Let z(u) = u**3 + 13*u**2 + 10*u - 26. Calculate z(-12).
-2
Let l(r) = 3*r - 80. Give l(11).
-47
Let s(w) = -17*w + 5. What is s(4)?
-63
Let p(f) = -f**2 - 22*f + 44. What is p(-25)?
-31
Let h(l) = -27*l**2 + l + 2. What is h(-1)?
-26
Let y(b) = b**3 - 20*b**2 - 3*b + 81. Calculate y(20).
21
Let f(b) = 22*b**2 - 1. What is f(-1)?
21
Let t(k) = -k**3 - 2*k**2. What is t(2)?
-16
Let d(v) = 4*v - 8. What is d(4)?
8
Let t(o) = -7*o - 11. Determine t(-4).
17
Let c(b) = b**3 + 26*b**2 + 23*b - 35. What is c(-25)?
15
Let w(j) = -j**2 - 12*j - 15. Calculate w(-12).
-15
Let w(m) = m**3 + 15*m**2 - 14*m + 42. Determine w(-16).
10
Let o(h) = h**3 + 15*h**2 - 17*h - 21. What is o(-16)?
-5
Let v(s) = s**2 + 10*s + 6. Determine v(-10).
6
Let u(c) = c**2 + c - 18. Calculate u(0).
-18
Let f(p) = p**2 + p - 64. Give f(7).
-8
Let p(l) = l**3 + 17*l**2 + l + 9. Calculate p(-17).
-8
Let n(f) = -19*f**2 + 248*f - 17. Determine n(13).
-4
Let x(n) = -n**2 + 6*n + 7. Give x(-2).
-9
Let j(v) = 12*v**2 + v + 2. Determine j(-1).
13
Let t(d) = -14*d + 1. What is t(4)?
-55
Let c(r) = -r**2 + 2*r - 3. What is c(4)?
-11
Let z(j) = -4*j + 25. Determine z(5).
5
Let a(u) = -u**3 + 15*u**2 - 12*u + 18. Calculate a(14).
46
Let a(m) = -m**3 + 3*m**2 + 6*m + 4. Calculate a(5).
-16
Let o(m) = -3*m. Determine o(-1).
3
Let g(s) = -2*s**3 + 2*s**2 - 2*s + 2. Calculate g(2).
-10
Let o(z) = z**3 + z - 15. Give o(0).
-15
Let c(i) = -i + 7. Give c(-3).
10
Let i(y) = -y**2 - 6*y + 14. Calculate i(-9).
-13
Let n(i) = -i - 3. What is n(-10)?
7
Let u(g) = 2*g**3 + 7*g**2 - 7*g - 1. Give u(-4).
11
Let f(i) = -i**2 + 8*i - 11. What is f(8)?
-11
Let r(j) = j**3 + 94*j**2 + 183*j - 99. What is r(-92)?
-7
Let y(m) = m**3 + 21*m**2 - m - 16. Determine y(-21).
5
Let s(k) = -k**3 - 24*k**2 - 24*k - 23. Give s(-23).
0
Let x(k) = 4*k - 4. Determine x(9).
32
Let u(k) = -3*k - 22. Determine u(-9).
5
Let t(v) = 2*v - 11. Give t(7).
3
Let k(n) = -6*n**2 - 108*n - 4. Calculate k(-18).
-4
Let l(u) = -u**3 - 29*u**2 + 26*u - 163. Calculate l(-30).
-43
Let u(f) = -3*f + 23. Determine u(11).
-10
Let a(p) = -p**2 - 7*p + 7. What is a(-7)?
7
Let c(s) = s**2 + 3*s + 11. Determine c(-6).
29
Let w(h) = h**3 - 9*h**2 + 5*h - 27. What is w(4)?
-87
Let x(g) = -3*g + 29. Calculate x(12).
-7
Let g(m) = -10*m - 4. Determine g(3).
-34
Let m(a) = -a + 17. Give m(9).
8
Let d(y) = -y**3 + 4*y**2 + 9*y - 3. Determine d(6).
-21
Let i(o) = -o**2 - 12*o + 21. Calculate i(2).
-7
Let k(o) = 3*o - 4. What is k(-6)?
-22
Let x(q) = q**3 - 5*q**2 - 8*q - 5. What is x(7)?
37
Let h(l) = -2*l**2 - 4*l - 2. Give h(-2).
-2
Let m(o) = o**2 + 7*o - 28. Determine m(-11).
16
Let r(p) = -p**2 - 4*p + 3. What is r(3)?
-18
Let b(c) = -c**3 - 13*c**2 + 4*c + 188. Determine b(-12).
-4
Let n(m) = -m - 27. Determine n(-14).
-13
Let y(p) = 23*p + 114. Determine y(-5).
-1
Let u(l) = l**3 + 4*l**2 + l + 9. Calculate u(-4).
5
Let g(f) = -2*f**3 + 4*f**2 + 4*f + 10. Give g(3).
4
Let w(b) = -b**2 - 13*b - 8. Calculate w(-7).
34
Let a(c) = -c**2 - 6*c - 8. Calculate a(-6).
-8
Let c(d) = -15*d - 6. Give c(2).
-36
Let z(r) = 7*r + 148. Determine z(-22).
-6
Let u(h) = -3*h**2 - 12*h + 7. What is u(-8)?
-89
Let y(x) = 3*x**2 + 1. Calculate y(1).
4
Let g(d) = -2*d**3 + 25*d**2 + 11*d + 45. Calculate g(13).
19
Let v(k) = -k**3 + k**2 + 4. Calculate v(0).
4
Let h(t) = -7*t**2 - 6*t + 7. Calculate h(3).
-74
Let w(j) = -3*j + 36. Determine w(15).
-9
Let f(w) = 9*w**2. What is f(1)?
9
Let z(s) = -s**2 + 6*s + 4. Determine z(6).
4
Let f(r) = -r**2 + 9*r - 8. Calculate f(-10).
-198
Let i(z) = 5*z + 3. Determine i(-3).
-12
Let v(w) = 10*w - 270. Determine v(27).
0
Let h(k) = k**3 + 9*k**2 - 51*k - 320. Determine h(-11).
-1
Let g(t) = 2*t - 5. Calculate g(20).
35
Let q(z) = z**2 + z. What is q(-1)?
0
Let f(d) = d**2 + 4*d - 11. Calculate f(-8).
21
Let o(b) = 4*b + 22. Determine o(-6).
-2
Let u(y) = y**2 + 2*y - 8. What is u(-6)?
16
Let p(z) = z**3 + 4*z**2 + 2*z. Determine p(-5).
-35
Let f(d) = -6*d - 26. What is f(8)?
-74
Let o(q) = -q - 2. Determine o(-5).
3
Let d(v) = v**3 - 10*v**2 + 5*v + 45. Give d(9).
9
Let a(d) = -6*d**3 + 2*d**2 + d + 2. Calculate a(2).
-36
Let s(q) = 21*q - 411. What is s(19)?
-12
Let r(l) = l**3 - 20*l**2 - 21*l + 2. What is r(21)?
2
Let p(w) = -w**3 - 3*w**2 + 2*w + 3. Give p(-4).
11
Let x(p) = -p**3 + 7*p**2 + 18*p - 12. Give x(9).
-12
Let y(g) = 208*g + 423. Calculate y(-2).
7
Let r(b) = b + 15. Give r(-7).
8
Let g(v) = 4*v**2 + 3*v + 2. What is g(-2)?
12
Let f(s) = -2*s - 3. What is f(4)?
-11
Let l(f) = -f**3 - f**2 + f + 5. What is l(0)?
5
Let l(r) = r**2 - 3*r + 17. Determine l(4).
21
Let h(r) = r**3 + 7*r**2 - 14*r + 13. Give h(-9).
-23
Let o(n) = n**3 + 7*n**2 - 5*n + 19. Calculate o(-8).
-5
Let o(i) = i**2 + 9*i - 15. Determine o(-11).
7
Let x(d) = d**2 - 16*d. Calculate x(17).
17
Let g(y) = -y**3 + 15*y**2 + 18*y - 14. Determine g(16).
18
Let o(m) = m**3 - 7*m**2 + m - 8. Give o(7).
-1
Let s(f) = -f**2 - 11*f + 13. Calculate s(-11).
13
Let f(h) = 5*h + 212. Determine f(-42).
2
Let t(h) = -5*h**2 + 4*h - 4. Give t(4).
-68
Let p(c) = 2*c - 10. Calculate p(-4).
-18
Let n(j) = 3*j - 9. Give n(2).
-3
Let j(l) = -l**2 + 33*l - 273. Determine j(16).
-1
Let i(d) = -d**3 - 13*d**2 - 22*d + 22. Calculate i(-11).
22
Let s(a) = 8*a**2 - a. Give s(-2).
34
Let b(j) = 4*j**2 - 22*j + 43. Calculate b(2).
15
Let v(q) = -q**2 - 19*q + 287. What is v(10)?
-3
Let g(k) = -k**3 - 11*k**2 + 4*k - 15. What is g(-11)?
-59
Let a(z) = -z**3 - 3*z**2 + 5*z + 18. Give a(-3).
3
Let b(w) = 5*w - 6. Calculate b(9).
39
Let j(u) = -u**3 - 5*u**2 - u + 10. Give j(-4).
-2
Let x(s) = 2*s**2 + 2*s - 6. Give x(-6).
54
Let b(y) = -17*y + 108. Determine b(11).
-79
Let o(m) = m**3 + 8*m**2 - 8*m + 5. What is o(-9)?
-4
Let d(r) = -2*r + 19. Give d(-9).
37
Let z(p) = -6*p + 1. Determine z(1).
-5
Let i(q) = -q**3 - 14*q**2 - 15*q - 5. What is i(-13)?
21
Let q(f) = f**3 - 17*f**2 - 40*f + 44. Calculate q(19).
6
Let n(c) = -3*c - 20. Give n(-8).
4
Let w(a) = -a**3 - 8*a**2 - 16*a + 2. Determine w(-7).
65
Let d(y) = 3*y**2 - 2*y - 2. What is d(4)?
38
Let r(f) = -5*f - 25. What is r(-11)?
30
Let p(a) = -3*a**3 - 6*a**2 + 10*a - 4. 